
What are the prime factors of 26925273?
3, 139, 21523
List the prime factors of 1785787721.
37, 43, 1122431
List the prime factors of 1297257321.
3, 432419107
What are the prime factors of 3076166268?
2, 3, 7, 4069003
What are the prime factors of 311570140?
2, 5, 7, 2225501
List the prime factors of 71272188.
2, 3, 13, 67, 2273
List the prime factors of 1603434549.
3, 534478183
List the prime factors of 6325213933.
2311, 2737003
List the prime factors of 906422353.
906422353
What are the prime factors of 3012959087?
41, 73486807
What are the prime factors of 336232450?
2, 5, 6724649
List the prime factors of 6637343225.
5, 265493729
List the prime factors of 44954847.
3, 7, 713569
List the prime factors of 231517781.
11, 17, 1238063
List the prime factors of 569442.
2, 3, 94907
List the prime factors of 1400319301.
12391, 113011
What are the prime factors of 93706756?
2, 11, 13, 53, 281
What are the prime factors of 3320292828?
2, 3, 37, 7478137
What are the prime factors of 117767461?
7, 16823923
List the prime factors of 493463133.
3, 197, 278321
What are the prime factors of 1310697?
3, 145633
List the prime factors of 6316516523.
13469, 468967
List the prime factors of 58739281.
58739281
What are the prime factors of 42836719?
17, 127, 19841
List the prime factors of 73895911.
73895911
List the prime factors of 17073130.
2, 5, 23, 74231
List the prime factors of 80997162.
2, 3, 263, 51329
What are the prime factors of 2897862?
2, 3, 11, 23, 83
List the prime factors of 351055120.
2, 5, 13, 41, 8233
List the prime factors of 738418464.
2, 3, 7, 83, 1471
What are the prime factors of 115213024?
2, 3600407
List the prime factors of 128485780.
2, 5, 47, 53, 2579
List the prime factors of 764578907.
71, 10768717
What are the prime factors of 516047235?
3, 5, 11, 31, 233, 433
List the prime factors of 615804275.
5, 73, 337427
List the prime factors of 362838147.
3, 7, 157, 110051
List the prime factors of 91894098.
2, 3, 29, 528127
What are the prime factors of 1041447883?
7, 31, 4799299
What are the prime factors of 32871150?
2, 3, 5, 13, 1873
List the prime factors of 100068073.
7, 101, 141539
List the prime factors of 1228767976.
2, 10369, 14813
What are the prime factors of 356746074?
2, 3, 47, 53, 23869
List the prime factors of 146409973.
23, 6365651
List the prime factors of 285945853.
461, 631, 983
List the prime factors of 3735449.
3735449
List the prime factors of 194072673.
3, 2003, 32297
What are the prime factors of 161617003?
161617003
What are the prime factors of 2639157706?
2, 1319578853
List the prime factors of 1183690729.
13, 103, 884011
List the prime factors of 17112417.
3, 7, 116411
List the prime factors of 873345185.
5, 977, 178781
What are the prime factors of 87986308?
2, 31, 83, 103
List the prime factors of 77325580.
2, 5, 281, 13759
What are the prime factors of 51645453?
3, 17215151
List the prime factors of 43703112.
2, 3, 547, 3329
What are the prime factors of 630061562?
2, 13, 53, 457229
What are the prime factors of 10868675?
5, 61, 7127
What are the prime factors of 41918438?
2, 59, 137, 2593
What are the prime factors of 109714204?
2, 2917, 9403
What are the prime factors of 281969560?
2, 5, 7049239
List the prime factors of 610983242.
2, 305491621
What are the prime factors of 294488404?
2, 7, 41, 71, 3613
What are the prime factors of 586232671?
23, 191, 133447
List the prime factors of 4094247382.
2, 2087, 980893
What are the prime factors of 2765260905?
3, 5, 11, 23, 728659
What are the prime factors of 672157161?
3, 13, 2371, 2423
List the prime factors of 37989507.
3, 29, 353, 1237
What are the prime factors of 251496925?
5, 53, 347, 547
List the prime factors of 84589291.
2617, 32323
List the prime factors of 90781761.
3, 7, 547, 1129
List the prime factors of 100651920.
2, 3, 5, 419383
List the prime factors of 34638998.
2, 53, 229, 1427
What are the prime factors of 291117648?
2, 3, 6064951
What are the prime factors of 71427128?
2, 43, 89, 2333
List the prime factors of 3292762436.
2, 17, 67, 701, 1031
List the prime factors of 22202276.
2, 43, 129083
List the prime factors of 162677063.
17, 2381, 4019
What are the prime factors of 3576541636?
2, 479, 487, 3833
What are the prime factors of 44604980?
2, 5, 7, 37, 79, 109
What are the prime factors of 426676834?
2, 6073, 35129
What are the prime factors of 20258763?
3, 7, 964703
List the prime factors of 42286480.
2, 5, 17, 31, 59
What are the prime factors of 242332276?
2, 60583069
What are the prime factors of 80251600?
2, 5, 11, 13, 23, 61
List the prime factors of 564246872.
2, 7, 31, 325027
List the prime factors of 52361586.
2, 3, 37, 73, 359
What are the prime factors of 68011832?
2, 7, 17, 199, 359
List the prime factors of 300298010.
2, 5, 30029801
List the prime factors of 876961383.
3, 37, 79, 97, 1031
List the prime factors of 338889972.
2, 3, 107, 263933
List the prime factors of 54532132.
2, 41, 332513
List the prime factors of 27566150.
2, 5, 19, 29017
List the prime factors of 330395445.
3, 5, 43, 73, 2339
What are the prime factors of 873287777?
47, 18580591
List the prime factors of 94510594.
2, 29, 61, 26713
List the prime factors of 941427179.
7, 11, 12226327
List the prime factors of 183170521.
179, 1023299
List the prime factors of 1046586445.
5, 1999, 104711
List the prime factors of 806748655.
5, 47, 673, 5101
What are the prime factors of 78900347?
229, 344543
What are the prime factors of 3406395359?
47, 167, 197, 2203
List the prime factors of 2904583541.
41, 2767, 25603
List the prime factors of 1295928207.
3, 7, 17, 403339
List the prime factors of 54263273.
2003, 27091
List the prime factors of 4644768.
2, 3, 48383
List the prime factors of 358110136.
2, 44763767
What are the prime factors of 116591145?
3, 5, 11, 706613
List the prime factors of 12103306.
2, 6051653
What are the prime factors of 75643926?
2, 3, 12607321
List the prime factors of 20485924.
2, 5121481
List the prime factors of 93791175.
3, 5, 241, 5189
List the prime factors of 31874938.
2, 3299, 4831
List the prime factors of 73662649.
17, 4333097
What are the prime factors of 181715852?
2, 45428963
What are the prime factors of 4630673193?
3, 1543557731
What are the prime factors of 1383538450?
2, 5, 7, 3952967
What are the prime factors of 183606880?
2, 5, 19, 60397
What are the prime factors of 54647095?
5, 17, 642907
What are the prime factors of 910654372?
2, 227663593
What are the prime factors of 84283417?
84283417
What are the prime factors of 444443621?
31, 61, 97, 2423
List the prime factors of 12328146.
2, 3, 228299
What are the prime factors of 149283285?
3, 5, 19, 523801
What are the prime factors of 155380762?
2, 77690381
What are the prime factors of 5462316128?
2, 109, 1566031
List the prime factors of 270803589.
3, 7, 1123, 11483
What are the prime factors of 2399951600?
2, 5, 47, 127657
List the prime factors of 494325285.
3, 5, 1973, 16703
List the prime factors of 3071190712.
2, 29, 283, 1613
List the prime factors of 106505391.
3, 17, 2088341
What are the prime factors of 172969398?
2, 3, 7, 29, 31, 509
What are the prime factors of 24119429?
24119429
What are the prime factors of 1811722047?
3, 347, 1740367
What are the prime factors of 1618515183?
3, 163, 3309847
List the prime factors of 500388362.
2, 223, 1121947
What are the prime factors of 759053052?
2, 3, 7028269
List the prime factors of 244053665.
5, 37, 1319209
List the prime factors of 544257194.
2, 13, 73, 286753
What are the prime factors of 23216912?
2, 1451057
List the prime factors of 184747007.
17, 639263
List the prime factors of 51465590.
2, 5, 11, 467869
What are the prime factors of 553128137?
553128137
What are the prime factors of 3759237?
3, 37, 53, 71
What are the prime factors of 21200469?
3, 401, 17623
What are the prime factors of 19196015?
5, 3839203
What are the prime factors of 87421748?
2, 21855437
What are the prime factors of 4878787923?
3, 613, 294773
List the prime factors of 1224635208.
2, 3, 229, 222823
List the prime factors of 399173873.
7, 67, 851117
What are the prime factors of 1930539484?
2, 181, 2666491
What are the prime factors of 3353136257?
3353136257
List the prime factors of 141072093.
3, 19, 824983
What are the prime factors